{"id":119,"date":"2020-03-12T11:38:54","date_gmt":"2020-03-12T11:38:54","guid":{"rendered":"https:\/\/diversimar.cesga.es\/?page_id=119"},"modified":"2021-03-01T09:50:21","modified_gmt":"2021-03-01T09:50:21","slug":"el-proyecto","status":"publish","type":"page","link":"https:\/\/diversimar.cesga.es\/index.php\/el-proyecto\/","title":{"rendered":"El Proyecto"},"content":{"rendered":"\t\t<div data-elementor-type=\"wp-page\" data-elementor-id=\"119\" class=\"elementor elementor-119\" data-elementor-settings=\"[]\">\n\t\t\t\t\t\t<div class=\"elementor-inner\">\n\t\t\t\t\t\t\t<div class=\"elementor-section-wrap\">\n\t\t\t\t\t\t\t<section class=\"elementor-section elementor-top-section elementor-element elementor-element-726932a6 elementor-section-boxed elementor-section-height-default elementor-section-height-default\" data-id=\"726932a6\" data-element_type=\"section\">\n\t\t\t\t\t\t<div class=\"elementor-container elementor-column-gap-default\">\n\t\t\t\t\t\t\t<div class=\"elementor-row\">\n\t\t\t\t\t<div class=\"elementor-column elementor-col-100 elementor-top-column elementor-element elementor-element-15b9df99\" data-id=\"15b9df99\" data-element_type=\"column\">\n\t\t\t<div class=\"elementor-column-wrap elementor-element-populated\">\n\t\t\t\t\t\t\t<div class=\"elementor-widget-wrap\">\n\t\t\t\t\t\t<div class=\"elementor-element elementor-element-1f1e9e0c elementor-widget elementor-widget-text-editor\" data-id=\"1f1e9e0c\" data-element_type=\"widget\" data-widget_type=\"text-editor.default\">\n\t\t\t\t<div class=\"elementor-widget-container\">\n\t\t\t\t\t\t\t\t<div class=\"elementor-text-editor elementor-clearfix\">\n\t\t\t\t<!-- wp:columns -->\n<div class=\"wp-block-columns\"><!-- wp:column {\"width\":66.66} -->\n<div class=\"wp-block-column\" style=\"flex-basis: 66.66%;\"><!-- wp:html --> <style>#sp-ea-466 .spcollapsing { height: 0; overflow: hidden; transition-property: height;transition-duration: 500ms;}#sp-ea-466.sp-easy-accordion>.sp-ea-single {margin-bottom: 10px; border: 1px solid #2f3b47; }#sp-ea-466.sp-easy-accordion>.sp-ea-single>.ea-header a {color: #444;}#sp-ea-466.sp-easy-accordion>.sp-ea-single>.sp-collapse>.ea-body {background: #fff; color: #444;}#sp-ea-466.sp-easy-accordion>.sp-ea-single {background: #eeeeee;}#sp-ea-466.sp-easy-accordion>.sp-ea-single>.ea-header a .ea-expand-icon { float: left; color: #444;font-size: 16px;}<\/style><div id=\"sp_easy_accordion-1776150671\"><div id=\"sp-ea-466\" class=\"sp-ea-one sp-easy-accordion\" data-ex-icon=\"minus\" data-col-icon=\"plus\"  data-ea-active=\"ea-click\"  data-ea-mode=\"vertical\" data-preloader=\"0\" data-scroll-active-item=\"\" data-offset-to-scroll=\"0\"><div class=\"ea-card  sp-ea-single\"><h3 class=\"ea-header\"><a class=\"collapsed\" data-sptoggle=\"spcollapse\" data-sptarget=#collapse4660 href=\"javascript:void(0)\"  aria-expanded=\"false\"><i class=\"ea-expand-icon ea-icon-expand-plus\"><\/i> \u00bfQu\u00e9 es Diversimar?<\/a><\/h3><div class=\"sp-collapse spcollapse spcollapse\" id=\"collapse4660\" data-parent=#sp-ea-466><div class=\"ea-body\"><p>DIVERSIMAR es una Herramienta para obtener informaci\u00f3n y hacer seguimiento de la biodiversidad marina y pesquera de Galicia y Cant\u00e1brico.<\/p>\n<p>El Objetivo del proyecto es doble. Por un lado, y debido a la propia naturaleza del medio marino que hace muy costosa la obtenci\u00f3n de datos,se quiere desarrollar una herramienta que nos permita registrar datos de especies marinas y hacer un seguimiento de las mismas en el \u00e1rea de estudio. Y por otro lado, se quiere establecer una red de colaboraci\u00f3n con las personas relacionadas con el mar.<\/p>\n<p>La investigaci\u00f3n sobre biodiversidad marina necesita disponer de informaci\u00f3n que no siempre es f\u00e1cil de conseguir. El proyecto DIVERSIMAR nace para dar respuesta a esta necesidad, obteniendo datos estandarizados y revisados sobre la distribuci\u00f3n de especies para ayudar a desarrollar planes de control y estrategias de conservaci\u00f3n.<\/p>\n<\/div><\/div><\/div><div class=\"ea-card  sp-ea-single\"><h3 class=\"ea-header\"><a class=\"collapsed\" data-sptoggle=\"spcollapse\" data-sptarget=#collapse4661 href=\"javascript:void(0)\"  aria-expanded=\"false\"><i class=\"ea-expand-icon ea-icon-expand-plus\"><\/i> \u00bfC\u00f3mo funciona?<\/a><\/h3><div class=\"sp-collapse spcollapse spcollapse\" id=\"collapse4661\" data-parent=#sp-ea-466><div class=\"ea-body\"><p>La herramienta web integrar\u00e1 informaci\u00f3n ya existente sobre la distribuci\u00f3n, biolog\u00eda y ecolog\u00eda de distintas especies marinas, as\u00ed como aquellos reportes que nos lleguen mediante la colaboraci\u00f3n ciudadana, que es una de las fuentes m\u00e1s valiosas de las que disponemos.<\/p>\n<\/div><\/div><\/div><div class=\"ea-card  sp-ea-single\"><h3 class=\"ea-header\"><a class=\"collapsed\" data-sptoggle=\"spcollapse\" data-sptarget=#collapse4662 href=\"javascript:void(0)\"  aria-expanded=\"false\"><i class=\"ea-expand-icon ea-icon-expand-plus\"><\/i> Colabora con DIVERSIMAR<\/a><\/h3><div class=\"sp-collapse spcollapse spcollapse\" id=\"collapse4662\" data-parent=#sp-ea-466><div class=\"ea-body\"><p>Si tienes relaci\u00f3n con el medio marino, t\u00fa tambi\u00e9n puedes colaborar con DIVERSIMAR. Hacerlo es muy f\u00e1cil, s\u00f3lo tienes que enviarnos tu foto a trav\u00e9s de nuestra aplicaci\u00f3n o nuestro formulario y facilitarnos algunos datos como la fecha en la que lo viste o capturaste, la profundidad, la posici\u00f3n geogr\u00e1fica, la talla del animal y cualquier otra cosa que te parezca relevante.<\/p>\n<p>Al poco tiempo, tu foto y tu nombre aparecer\u00e1n en nuestro visor web.<\/p>\n<p>Estamos interesados en las especies poco frecuentes, en las especies invasoras, en especies que te llamen la atenci\u00f3n por su tama\u00f1o o su singularidad.<\/p>\n<p>Y si vas paseando por la playa y te encuentras un huevo de raya o tibur\u00f3n, tambi\u00e9n puedes reportarlo!<\/p>\n<p>Adem\u00e1s, contamos con un\u00a0<a href=\"https:\/\/diversimar.cesga.es\/docus\/DIVERSIMAR_Programa_de_marcado.pdf\" target=\"_blank\" rel=\"noopener\"><strong><span class=\"enlace\">Programa de Marcado Voluntario<\/span><\/strong><\/a>.<\/p>\n<\/div><\/div><\/div><\/div><\/div> <!-- \/wp:html --><\/div>\n<!-- \/wp:column --><!-- wp:column {\"width\":33.33} -->\n<div class=\"wp-block-column\" style=\"flex-basis: 33.33%;\"><!-- wp:image {\"id\":441,\"sizeSlug\":\"large\",\"className\":\"imgSom\"} -->\n<figure class=\"wp-block-image size-large imgSom\"><img loading=\"lazy\" class=\"alignnone wp-image-1704\" src=\"https:\/\/diversimar.cesga.es\/wp-content\/uploads\/2021\/03\/DSC_0559_Valeiras.jpg\" alt=\"\" width=\"640\" height=\"428\" \/><\/figure>\n<!-- \/wp:image --><!-- wp:image {\"id\":473,\"sizeSlug\":\"large\"} -->\n<figure class=\"wp-block-image size-large\"><img loading=\"lazy\" class=\"alignnone wp-image-1741 size-full\" src=\"https:\/\/diversimar.cesga.es\/wp-content\/uploads\/2021\/03\/XulioVal_Rorcual1peq.jpg\" alt=\"\" width=\"3554\" height=\"2303\" \/><\/figure>\n<!-- \/wp:image --><\/div>\n<!-- \/wp:column --><\/div>\n<!-- \/wp:columns -->\t\t\t\t\t<\/div>\n\t\t\t\t\t\t<\/div>\n\t\t\t\t<\/div>\n\t\t\t\t\t\t<\/div>\n\t\t\t\t\t<\/div>\n\t\t<\/div>\n\t\t\t\t\t\t\t\t<\/div>\n\t\t\t\t\t<\/div>\n\t\t<\/section>\n\t\t\t\t\t\t<\/div>\n\t\t\t\t\t\t<\/div>\n\t\t\t\t\t<\/div>\n\t\t","protected":false},"excerpt":{"rendered":"","protected":false},"author":1,"featured_media":0,"parent":0,"menu_order":0,"comment_status":"closed","ping_status":"closed","template":"","meta":[],"_links":{"self":[{"href":"https:\/\/diversimar.cesga.es\/index.php\/wp-json\/wp\/v2\/pages\/119"}],"collection":[{"href":"https:\/\/diversimar.cesga.es\/index.php\/wp-json\/wp\/v2\/pages"}],"about":[{"href":"https:\/\/diversimar.cesga.es\/index.php\/wp-json\/wp\/v2\/types\/page"}],"author":[{"embeddable":true,"href":"https:\/\/diversimar.cesga.es\/index.php\/wp-json\/wp\/v2\/users\/1"}],"replies":[{"embeddable":true,"href":"https:\/\/diversimar.cesga.es\/index.php\/wp-json\/wp\/v2\/comments?post=119"}],"version-history":[{"count":18,"href":"https:\/\/diversimar.cesga.es\/index.php\/wp-json\/wp\/v2\/pages\/119\/revisions"}],"predecessor-version":[{"id":1744,"href":"https:\/\/diversimar.cesga.es\/index.php\/wp-json\/wp\/v2\/pages\/119\/revisions\/1744"}],"wp:attachment":[{"href":"https:\/\/diversimar.cesga.es\/index.php\/wp-json\/wp\/v2\/media?parent=119"}],"curies":[{"name":"wp","href":"https:\/\/api.w.org\/{rel}","templated":true}]}}